n divisor of 6 and s?
6
Let p = -410 - -610. What is the highest common divisor of p and 25?
25
Let a be -2 + 2 + -1 + -1. Let g be (-1)/a + (-20)/(-8). Let z be (-28)/3*g/(-1). Calculate the highest common divisor of 70 and z.
14
Let t(w) be the first derivative of w**3/3 - w**2/2 + 4. Let x be t(-3). Calculate the highest common divisor of x and 8.
4
Suppose 7*s + 36 = 3*v + 3*s, 4*s + 52 = 5*v. Calculate the greatest common factor of 64 and v.
8
Let z(v) = -v + 31. Let t be z(7). What is the highest common factor of t and 120?
24
Let v(j) = 6*j + 63. Let y be v(0). What is the highest common divisor of y and 7?
7
Suppose -4*i + 43 = -29. What is the greatest common factor of i and 90?
18
Let b be 8/(-24)*(8 + 1) + 14. Calculate the greatest common divisor of 11 and b.
11
Let v be -5*(6/(-15) - 0). What is the greatest common divisor of 22 and v?
2
Suppose d + 5*n - 26 = 0, -3*d + 40 = -4*n - 0*n. Calculate the greatest common divisor of 48 and d.
16
Suppose 3*j + 2*j - 1031 = 4*y, -2*y + 1007 = 5*j. Calculate the highest common divisor of 7 and j.
7
Suppose -3*t - t = -4*o - 160, -2*t - 4*o + 56 = 0. What is the greatest common factor of 18 and t?
18
Let d = -6 - -8. Suppose -5*x - 2 = -22, 5*x - 32 = -d*c. Calculate the highest common factor of c and 9.
3
Let z be 1/(-2) - 122/(-4). Calculate the highest common divisor of z and 330.
30
Let l be (-17)/3 + (-3)/9. Let o = l + 2. Let b be (-12)/6*o/2. What is the highest common divisor of b and 20?
4
Let l = 191 + -182. Suppose 57 = 4*a - a. Let q = 28 - a. Calculate the greatest common divisor of l and q.
9
Let h be (24/(-16))/((-1)/10). Calculate the highest common factor of 105 and h.
15
Let c be (-52)/(-5 - (-1 + -2)). Let t = c + -16. Calculate the highest common divisor of 2 and t.
2
Suppose 4*z = -y + 3 + 3, -5*y + 78 = -4*z. Calculate the greatest common factor of 42 and y.
14
Suppose -4*k + 12 = 0, -5*v - 2*k + 281 = -495. Calculate the greatest common factor of v and 22.
22
Let j be 24/32 + 54/(-8). Let l be 0 - (j/3 + -18). What is the greatest common factor of 80 and l?
20
Let t(n) = 5*n**3 + 5*n**2 - 5*n + 11. Let w be t(4). What is the highest common divisor of 23 and w?
23
Let l be 30/(-20)*4/2*-1. What is the highest common factor of l and 24?
3
Suppose 110 = 3*p - 79. Calculate the highest common divisor of 21 and p.
21
Suppose 2*o - 50 = -5*c, 18 + 0 = c + 2*o. Suppose c*w - 36 = 5*w. What is the greatest common divisor of w and 4?
4
Let x(r) = r**3 - 2*r**2 - 2*r + 1. Let v be x(2). Let k be -9*1*(v - 0). What is the highest common divisor of k and 3?
3
Let w(l) = -l**2 + 1. Suppose -4*a = -a. Let u be w(a). Let k = 9 + u. Calculate the greatest common divisor of k and 40.
10
Let i(l) = -l**2 + 9*l + 7. Let k be i(8). Let g be 3 + (3 + 11)/(-2). Let s = g + k. Calculate the highest common factor of s and 55.
11
Let s(b) = -8*b + 9. Let y be s(-14). Let m(z) = 2*z**2 + 3*z + 1. Let v be m(-6). Suppose p + 4*p = v. What is the greatest common factor of y and p?
11
Let c = 15 - -1. Let y = 13 + -8. Suppose -y*u - 3*g + 882 = -g, 4*u - 2*g = 702. What is the greatest common divisor of c and u?
16
Suppose w = -4*w + 240. What is the greatest common factor of w and 6?
6
Let d = 3 - 0. Suppose -4*b + 7 - d = 0. Let x = 3 - 1. What is the greatest common divisor of b and x?
1
Let b = 34 - 29. Calculate the greatest common divisor of b and 5.
5
Let o be -1 - 4/(-1) - -1. Let h be ((-8)/12)/(o/(-66)). Suppose 2*v + 305 = 3*q, -3*q - 285 = -6*q - 3*v. Calculate the greatest common divisor of h and q.
11
Let q = -115 - -135. Calculate the highest common factor of q and 20.
20
Let i = -39 - -147. What is the greatest common divisor of i and 12?
12
Let d = -5 + 9. Let n be 1/4 - (-43)/d. Calculate the greatest common divisor of n and 22.
11
Suppose 3*v = -0*v - 48. Let m(r) = r**2 + 14*r - 15. Let i be m(v). Calculate the highest common divisor of 17 and i.
17
Let h(w) = -w**3 - 3*w**2 + 5*w - 6. Let f be h(-6). Calculate the greatest common factor of 9 and f.
9
Suppose 0 = -4*f + m - 10, 5*f - 4*m + 24 - 6 = 0. Let z = -1 - f. Let l be -8*(0 + z)*-26. Calculate the highest common factor of l and 26.
26
Suppose 5*t + 5*k - 56 = 114, -t = -4*k - 14. Let b(v) = -v**3 - 3*v**2 + 5*v - 3. Let j be b(-6). Calculate the highest common divisor of t and j.
15
Let g be 10/65 + 778/13. Calculate the greatest common divisor of 24 and g.
12
Let j(p) = -5*p - 5*p - 6 - 2*p - 1. Let x be j(-7). What is the greatest common factor of x and 7?
7
Let i be 3*3 - 5/((-20)/12). Suppose p + 5 = 29. What is the highest common factor of p and i?
12
Let h(i) = i**3 - 2*i**2 - 4*i + 3. Let k be h(2). Let l = k - -7. Calculate the greatest common factor of 8 and l.
2
Suppose 5*n + 3*x = -2*x + 130, -2*x = 4. Suppose 5*y - n = y. Calculate the highest common divisor of 7 and y.
7
Suppose -35 - 17 = -4*c. Suppose 158 = 2*m - 50. Let l = m - 65. What is the greatest common factor of c and l?
13
Let u(f) = f**2 + 14*f + 15. Let o be u(-10). Let q = 45 + o. Let m be 2 + 7 + 2/(-2). What is the highest common divisor of q and m?
4
Suppose g + 5*g = 216. What is the greatest common factor of g and 396?
36
Let d = 218 + 249. Let w(h) = 16*h + 15. Let i be w(7). Suppose -4*z = i - d. What is the greatest common factor of z and 34?
17
Let n(y) = y**3 + 9*y**2 + 2*y - 18. Let l be n(-8). Let a = -9 + l. What is the greatest common divisor of a and 42?
21
Let k(q) = -3*q + 1. Let b be k(-3). What is the greatest common divisor of b and 90?
10
Let u be (-1 - -2)/((-1)/(-3)). Let d = 29 + -23. Suppose -168 = u*p - d*p. What is the greatest common divisor of p and 8?
8
Suppose -24 = 5*o + 51. Let g be (o/(-12))/((-2)/(-160)). Suppose 2*m - 27 = -7. Calculate the greatest common divisor of g and m.
10
Let d(l) = -l**2 + 21*l + 28. Let n be d(22). Calculate the greatest common factor of 4 and n.
2
Suppose 0 = -2*j - 4*y - 6, 0 = -2*j - 3*j + 3*y + 24. Let r = j + -2. Calculate the highest common factor of 3 and r.
1
Let y(t) = t**3 + 11*t**2 + 8*t + 5. Let j = 3 - 10. Let i be y(j). Suppose 0*o - 25 = -s + 5*o, 5*o = 4*s - i. What is the highest common divisor of 5 and s?
5
Suppose 3*r - 169 = -2*k, -r + 4*k = -4*r + 173. Calculate the greatest common factor of 5 and r.
5
Let k(z) = -34*z + 2. Let g be k(-2). Let d(t) = -t**3 - 13*t**2 + 6*t - 12. Let h be d(-14). Let y = h - g. Calculate the greatest common factor of 10 and y.
10
Let s = 56 - 5. What is the greatest common factor of s and 34?
17
Let s(l) = -l**3 + 14*l**2 - 23*l. Let x be s(12). Let r be ((-45)/4)/((-9)/24). Calculate the highest common divisor of r and x.
6
Suppose b - 5*j = 175, -5*j + 2 = -3. Calculate the highest common factor of 20 and b.
20
Let j(w) = -3*w + 24. Let r be j(-7). What is the greatest common factor of r and 9?
9
Let j = 56 - 7. Let n = 96 - j. Let c = n + -27. What is the highest common factor of 80 and c?
20
Suppose -r + 10 = 2*o - 45, 0 = -5*o + 3*r + 121. Let c = 10 - 8. Let z be 0 - c - (-61 - 6). Calculate the greatest common factor of z and o.
13
Suppose -2*w - 2*i + 63 + 73 = 0, 0 = 4*w - i - 277. What is the greatest common factor of 46 and w?
23
Let x(s) = -s**3 - 10*s**2 - 8*s + 16. Let g be x(-9). Let y(n) = -5*n + 1. Let z be y(-4). Calculate the greatest common divisor of z and g.
7
Suppose -8*z = 11 - 27. What is the highest common factor of z and 18?
2
Let w be 22 - ((0 - 4) + 4). Let k be 152/7 - (-4)/14. What is the highest common divisor of w and k?
22
Suppose -452 - 1298 = -25*a. Calculate the highest common factor of 490 and a.
70
Suppose 0 = -r + 3*r - 10. Suppose r*w - 142 = 153. Let b be w/4 - (-2)/8. Calculate the highest common divisor of b and 5.
5
Let d = 90 - 64. Let q be d - (-5)/((-5)/(-2)). What is the highest common factor of 196 and q?
28
Let l be -3 - -7 - (-23)/1. Let i = l + -1. Calculate the greatest common factor of i and 65.
13
Let v(z) = -2*z - 4. Let m be v(-9). Let f be 2/1 + m + -2. Let x(p) = p**3 + 1. Let l be x(5). Calculate the greatest common factor of f and l.
14
Let z = 0 + 0. Let n = z + -12. Let h = n + 33. What is the highest common factor of h and 3?
3
Let t = 105 + -60. Suppose 5*o + 0*z - 132 = -4*z, 0 = -2*o + z + t. Suppose -26*s - 60 = -27*s. What is the highest common factor of s